{"id":420,"date":"2020-12-16T10:27:40","date_gmt":"2020-12-16T10:27:40","guid":{"rendered":"https:\/\/raoulkrischanitz.com\/?page_id=420"},"modified":"2020-12-16T11:04:36","modified_gmt":"2020-12-16T11:04:36","slug":"hamster-heinz-auf-schatzsuche","status":"publish","type":"page","link":"https:\/\/www.raoulkrischanitz.com\/?page_id=420","title":{"rendered":"Hamster Heinz auf Schatzsuche"},"content":{"rendered":"\n<figure class=\"wp-block-image size-large\"><img loading=\"lazy\" decoding=\"async\" width=\"790\" height=\"1024\" src=\"https:\/\/www.raoulkrischanitz.com\/wp-content\/uploads\/2020\/12\/hhs_cover-790x1024.jpg\" alt=\"\" class=\"wp-image-424\" srcset=\"https:\/\/www.raoulkrischanitz.com\/wp-content\/uploads\/2020\/12\/hhs_cover-790x1024.jpg 790w, https:\/\/www.raoulkrischanitz.com\/wp-content\/uploads\/2020\/12\/hhs_cover-231x300.jpg 231w, https:\/\/www.raoulkrischanitz.com\/wp-content\/uploads\/2020\/12\/hhs_cover-768x996.jpg 768w, https:\/\/www.raoulkrischanitz.com\/wp-content\/uploads\/2020\/12\/hhs_cover.jpg 1100w\" sizes=\"auto, (max-width: 790px) 100vw, 790px\" \/><figcaption>Annette Betz Verlag Kinderb\u00fccher | Autor, Text &amp; Illustrationen von Raoul Krischanitz<br>\u00dcbersetzungen in: Spanisch und Koreanisch<br><br>Die Tiere sind aufgeregt: Der Affe hat eine Schatzkarte gefunden! Und da die Suche nach dem Versteck gef\u00e4hrlich ist d\u00fcrfen auch nur die tapfersten, geschicktesten und st\u00e4rksten Tiere mitkommen. Doch einer ist damit \u00fcberhaupt nicht einverstanden: Hamster Heinz!<br>Nach langem Hin und Her darf er die Schatzsucher begleiten. Aber kann Heinz mit dem Elefanten, dem L\u00f6wen und den anderen strken Tieren wirklich mithalten?<br><br>Ausgestellt in Bratislava bei der Illustratorenbiennale. Die Illustratorenbiennale ist die weltweit gr\u00f6\u00dfte Wettbewerbsausstellung ihrer Art. Es werden von einer internationalen Jury ausgew\u00e4hlte Originalillustrationen der Kinder- und Jugendliteratur gezeigt.<\/figcaption><\/figure>\n\n\n\n<figure class=\"wp-block-image size-large\"><img loading=\"lazy\" decoding=\"async\" width=\"1024\" height=\"666\" src=\"https:\/\/www.raoulkrischanitz.com\/wp-content\/uploads\/2020\/12\/hhs_2-1024x666.jpg\" alt=\"\" class=\"wp-image-423\" srcset=\"https:\/\/www.raoulkrischanitz.com\/wp-content\/uploads\/2020\/12\/hhs_2-1024x666.jpg 1024w, https:\/\/www.raoulkrischanitz.com\/wp-content\/uploads\/2020\/12\/hhs_2-300x195.jpg 300w, https:\/\/www.raoulkrischanitz.com\/wp-content\/uploads\/2020\/12\/hhs_2-768x499.jpg 768w, https:\/\/www.raoulkrischanitz.com\/wp-content\/uploads\/2020\/12\/hhs_2.jpg 1100w\" sizes=\"auto, (max-width: 1024px) 100vw, 1024px\" \/><\/figure>\n\n\n\n<figure class=\"wp-block-image size-large\"><img loading=\"lazy\" decoding=\"async\" width=\"1024\" height=\"653\" src=\"https:\/\/www.raoulkrischanitz.com\/wp-content\/uploads\/2020\/12\/hhs_1-1024x653.jpg\" alt=\"\" class=\"wp-image-422\" srcset=\"https:\/\/www.raoulkrischanitz.com\/wp-content\/uploads\/2020\/12\/hhs_1-1024x653.jpg 1024w, https:\/\/www.raoulkrischanitz.com\/wp-content\/uploads\/2020\/12\/hhs_1-300x191.jpg 300w, https:\/\/www.raoulkrischanitz.com\/wp-content\/uploads\/2020\/12\/hhs_1-768x490.jpg 768w, https:\/\/www.raoulkrischanitz.com\/wp-content\/uploads\/2020\/12\/hhs_1.jpg 1100w\" sizes=\"auto, (max-width: 1024px) 100vw, 1024px\" \/><\/figure>\n","protected":false},"excerpt":{"rendered":"<div class=\"wrap-excerpt-more\"><a class=\"excerpt-more\" href=\"https:\/\/www.raoulkrischanitz.com\/?page_id=420\">Read more<\/a><\/div>\n","protected":false},"author":1,"featured_media":0,"parent":0,"menu_order":0,"comment_status":"closed","ping_status":"closed","template":"","meta":{"footnotes":""},"class_list":["post-420","page","type-page","status-publish","hentry","post--no-featured-image"],"_links":{"self":[{"href":"https:\/\/www.raoulkrischanitz.com\/index.php?rest_route=\/wp\/v2\/pages\/420","targetHints":{"allow":["GET"]}}],"collection":[{"href":"https:\/\/www.raoulkrischanitz.com\/index.php?rest_route=\/wp\/v2\/pages"}],"about":[{"href":"https:\/\/www.raoulkrischanitz.com\/index.php?rest_route=\/wp\/v2\/types\/page"}],"author":[{"embeddable":true,"href":"https:\/\/www.raoulkrischanitz.com\/index.php?rest_route=\/wp\/v2\/users\/1"}],"replies":[{"embeddable":true,"href":"https:\/\/www.raoulkrischanitz.com\/index.php?rest_route=%2Fwp%2Fv2%2Fcomments&post=420"}],"version-history":[{"count":5,"href":"https:\/\/www.raoulkrischanitz.com\/index.php?rest_route=\/wp\/v2\/pages\/420\/revisions"}],"predecessor-version":[{"id":470,"href":"https:\/\/www.raoulkrischanitz.com\/index.php?rest_route=\/wp\/v2\/pages\/420\/revisions\/470"}],"wp:attachment":[{"href":"https:\/\/www.raoulkrischanitz.com\/index.php?rest_route=%2Fwp%2Fv2%2Fmedia&parent=420"}],"curies":[{"name":"wp","href":"https:\/\/api.w.org\/{rel}","templated":true}]}}